e 14.
3
What is -13 (base 6) in base 13?
-9
What is -4 (base 14) in base 16?
-4
What is 112 (base 6) in base 9?
48
What is 1004 (base 5) in base 14?
93
What is -256 (base 9) in base 16?
-d5
What is 3 (base 5) in base 15?
3
What is -1041 (base 5) in base 4?
-2102
Convert -2 (base 15) to base 10.
-2
Convert 6 (base 13) to base 2.
110
What is -1310 (base 4) in base 2?
-1110100
What is 2001 (base 3) in base 11?
50
What is -33 (base 5) in base 3?
-200
-3 (base 9) to base 3
-10
8 (base 9) to base 3
22
4 (base 15) to base 13
4
Convert -1 (base 12) to base 9.
-1
-2 (base 15) to base 9
-2
-1010 (base 3) to base 6
-50
Convert -17 (base 8) to base 3.
-120
Convert 35 (base 8) to base 5.
104
1 (base 7) to base 13
1
-130 (base 8) to base 7
-154
What is -15 (base 14) in base 7?
-25
What is -12 (base 3) in base 11?
-5
-35 (base 6) to base 5
-43
Convert -212 (base 3) to base 9.
-25
What is -4 (base 10) in base 5?
-4
-9 (base 13) to base 4
-21
Convert -9 (base 16) to base 9.
-10
What is -1 (base 3) in base 9?
-1
Convert 30 (base 13) to base 9.
43
Convert 1 (base 3) to base 2.
1
What is -3 (base 4) in base 6?
-3
Convert -11 (base 4) to base 16.
-5
Convert 20 (base 15) to base 6.
50
What is -3d (base 14) in base 7?
-106
Convert -2210 (base 3) to base 14.
-55
-158 (base 10) to base 12
-112
Convert 53 (base 16) to base 10.
83
Convert 113 (base 4) to base 6.
35
What is 1 (base 10) in base 2?
1
What is 0 (base 14) in base 3?
0
Convert -7 (base 11) to base 2.
-111
-20 (base 3) to base 12
-6
2 (base 8) to base 2
10
135 (base 6) to base 11
54
What is -4 (base 6) in base 16?
-4
Convert 3 (base 9) to base 10.
3
2 (base 9) to base 16
2
Convert -10 (base 5) to base 11.
-5
Convert 1 (base 15) to base 11.
1
What is 64 (base 12) in base 8?
114
20 (base 4) to base 15
8
Convert 1 (base 9) to base 15.
1
What is -41 (base 11) in base 2?
-101101
Convert 3 (base 8) to base 12.
3
What is -29 (base 11) in base 10?
-31
Convert 3 (base 13) to base 2.
11
-1 (base 3) to base 5
-1
Convert -7 (base 9) to base 5.
-12
Convert -545 (base 6) to base 16.
-d1
Convert -2 (base 5) to base 3.
-2
-1 (base 7) to base 14
-1
Convert -17 (base 13) to base 15.
-15
Convert -26 (base 7) to base 9.
-22
-2 (base 3) to base 15
-2
111 (base 2) to base 13
7
What is -11 (base 13) in base 11?
-13
What is -160 (base 8) in base 4?
-1300
What is 2 (base 9) in base 14?
2
Convert 1033 (base 5) to base 3.
12022
Convert 210 (base 4) to base 15.
26
What is -4 (base 5) in base 3?
-11
Convert 101001100 (base 2) to base 14.
19a
73 (base 14) to base 7
203
Convert -b (base 13) to base 4.
-23
Convert -2 (base 15) to base 14.
-2
-2b (base 16) to base 6
-111
19 (base 10) to base 7
25
-28 (base 16) to base 13
-31
-34 (base 15) to base 7
-100
What is 26 (base 11) in base 5?
103
-2 (base 14) to base 6
-2
Convert -3 (base 16) to base 14.
-3
What is -5 (base 7) in base 13?
-5
Convert 15 (base 11) to base 3.
121
Convert 12 (base 4) to base 2.
110
10111010 (base 2) to base 12
136
What is 23 (base 7) in base 13?
14
What is -5 (base 6) in base 9?
-5
Convert 110 (base 4) to base 8.
24
Convert -15 (base 11) to base 5.
-31
Convert 50 (base 9) to base 3.
1200
-2 (base 10) to base 11
-2
Convert 1 (base 10) to base 7.
1
Convert 2 (base 3) to base 6.
2
Convert 1 (base 9) to base 14.
1
What is -19 (base 15) in base 3?
-220
Convert 10 (base 6) to base 14.
6
Convert 167 (base 8) to base 11.
a9
1b (base 12) to base 10
23
Convert -12 (base 4) to base 6.
-10
2 (base 15) to base 6
2
What is 3 (base 10) in base 8?
3
4 (base 15) to base 7
4
Convert -2 (base 6) to base 5.
-2
What is -1 (base 13) in base 3?
-1
-21 (base 3) to base 13
-7
What is -111 (base 2) in base 15?
-7
What is -2 (base 5) in base 13?
-2
What is -11000 (base 2) in base 15?
-19
Convert -111010 (base 2) to base 14.
-42
Convert 11011 (base 2) to base 15.
1c
Convert -123 (base 12) to base 9.
-210
-1a (base 12) to base 14
-18
Convert 60 (base 10) to base 8.
74
What is -3 (base 5) in base 7?
-3
-3 (base 11) to base 14
-3
What is -132 (base 9) in base 5?
-420
5 (base 8) to base 15
5
What is 220 (base 4) in base 12?
34
Convert 1 (base 11) to base 4.
1
26 (base 15) to base 10
36
-45 (base 11) to base 5
-144
What is 4f (base 16) in base 15?
54
10 (base 4) to base 9
4
Convert 10100 (base 3) to base 8.
132
What is 42 (base 10) in base 4?
222
Convert 3 (base 5) to base 13.
3
14 (base 12) to base 6
24
Convert 1 (base 14) to base 8.
1
-1a (base 15) to base 14
-1b
What is 30 (base 7) in base 16?
15
Convert -4 (base 11) to base 16.
-4
What is -18 (base 16) in base 4?
-120
What is 0 (base 5) in base 12?
0
Convert 8 (base 11) to base 4.
20
32 (base 6) to base 8
24
-62 (base 16) to base 6
-242
What is 4 (base 16) in base 4?
10
What is -14 (base 12) in base 14?
-12
Convert 2 (base 4) to base 6.
2
Convert 513 (base 8) to base 14.
199
What is 42 (base 11) in base 14?
34
4 (base 6) to base 3
11
Convert 20 (base 3) to base 6.
10
What is 101 (base 2) in base 7?
5
-4e (base 16) to base 10
-78
-3 (base 7) to base 13
-3
Convert -100101 (base 2) to base 11.
-34
-19 (base 16) to base 7
-34
-100011 (base 2) to base 8
-43
What is 32 (base 5) in base 11?
16
Convert 10 (base 5) to base 10.
5
-143 (base 13) to base 8
-340
Convert 232 (base 5) to base 9.
74
Convert -35 (base 7) to base 5.
-101
Convert 10101 (base 2) to base 13.
18
2 (base 15) to base 14
2
303 (base 4) to base 15
36
What is -2 (base 14) in base 8?
-2
245 (base 8) to base 7
324
What is 55 (base 16) in base 7?
151
1a (base 11) to base 14
17
What is -1000111 (base 2) in base 11?
-65
Convert 303 (base 5) to base 9.
86
1 (base 10) to base 6
1
What is -10 (base 4) in base 9?
-4
Convert 11 (base 2) to base 4.
3
-1 (base 13) to base 7
-1
Convert -5 (base 8) to base 9.
-5
What is 26 (base 7) in base 2?
10100
-1011 (base 2) to base 5
-21
Convert -243 (base 5) to base 7.
-133
What is -152 (base 10) in base 16?
-98
Convert -9a (base 13) to base 5.
-1002
What is -143 (base 7) in base 6?
-212
What is 0 (base 14) in base 8?
0
-3 (base 9) to base 6
-3
Convert 1240 (base 5) to base 14.
dd
Convert 122 (base 7) to base 12.
55
What is -17 (base 8) in base 12?
-13
What is 22 (base 8) in base 5?
33
Convert 104 (base 7) to base 15.
38
e (base 16) to base 11
13
6 (base 13) to base 6
10
Convert 0 (base 14) to base 10.
0
19 (base 15) to base 5
44
What is 24 (base 7) in base 8?
22
2 (base 10) to base 4
2
What is -66 (base 11) in base 10?
-72
-137 (base 8) to base 4
-1133
12 (base 7) to base 15
9
202 (base 3) to base 12
18
Convert -434 (base 6) to base 3.
-20011
Convert -11 (base 2) to base 7.
-3
What is -2 (base 14) in base 8?
-2
What is -2 (base 3) in base 15?
-2
111 (base 2) to base 12
7
-5 (base 8) to base 2
-101
What is -1 (base 4) in base 10?
-1
What is -1 (base 9) in base 15?
-1
What is 16 (base 8) in base 16?
e
Convert -73 (base 16) to base 10.
-115
What is 55 (base 11) in base 15?
40
Convert 303 (base 8) to base 2.
11000011
What is 12 (base 15) in base 7?
23
-26 (base 9) to base 16
-18
-34 (base 16) to base 14
-3a
What is 327 (base 8) in base 5?
1330
Convert 1011 (base 2) to base 3.
102
What is 6 (base 9) in base 16?
6
-1034 (base 5) to base 4
-2100
Convert 36 (base 10) to base 6.
100
Convert -240 (base 10) to base 6.
-1040
What is 22 (base 4) in base 3?
101
Convert 12 (base 3) to base 6.
5
-81 (base 16) to base 9
-153
What is -3 (base 16) in base 12?
-3
Convert 3041 (base 5) to base 15.
1b6
2 (base 5) to base 16
2
Convert 33 (base 10) to base 16.
21
What is 101 (base 2) in base 8?
5
Convert -12 (base 5) to base 10.
-7
Convert -15 (base 9) to base 12.
-12
What is -23 (base 4) in base 15?
-b
Convert -1000110 (base 2) to base 14.
-50
Convert 0 (base 8) to base 13.
0
Convert 3 (base 6) to base 5.
3
Convert -45 (base 13) to base 14.
-41
Convert -221 (base 4) to base 5.
-131
Convert 1 (base 6) to base 14.
1
What is -1 (base 13) in base 10?
-1
Convert 75 (base 13) to base 15.
66
What is -23 (base 8) in base 6?
-31
Convert 20 (base 5) to base 4.
22
Convert 85 (base 13) to base 16.
6d
What is 236 (base 12) in base 3?
110020
3 (base 5) to base 4
3
What is -65 (base 8) in base 3?
-1222
Convert -10 (base 6) to base 9.
-6
Convert -4 (base 6) to base 3.
-11
Convert 1001 (base 2) to base 6.
13
Convert 0 (base 13) to base 12.
0
0 (base 2) to base 13
0
What is -61 (base 9) in base 2?
-1